 - 1. Let t(z) = 6*l(z) + u(z). Let a = 44 + -43. Let s be (8 - 4)*a - 4. Calculate t(s).
-3
Suppose 4*u - 15 + 3 = 0. Let n(o) = -10 - 9*o**3 + o + 8*o**u + 4 + o**2. Determine n(0).
-6
Suppose 2*g + n = g + 8, g - 5*n = -22. Let f(i) = 2*i**3 - 1 + 0 - g*i**3 + i + 2*i**2 + 2. Determine f(3).
-5
Let w(c) = -c**2 - 16*c + 4. Let g(l) = -5*l**2 - 82*l + 21. Let o(r) = -2*g(r) + 11*w(r). Determine o(-5).
37
Let o(p) = p + 1. Suppose 0 = 2*k - k - 13. Let r = -19 + k. Let a(s) = -6*s - 5. Let l(m) = r*a(m) - 34*o(m). Determine l(4).
4
Let z(q) be the first derivative of -q**4/4 + 11*q**3/3 + 17*q**2/2 + 4*q - 280. Give z(12).
64
Let d(j) be the third derivative of -j**5/20 - j**3/6 - j**2. Let m(c) be the first derivative of d(c). Let z = 218 - 217. What is m(z)?
-6
Let q = 3 + 3. Suppose -3 = 7*r - q*r. Let f(j) = -39 + 3*j + 36 - 3*j**2 - 2*j - j**3. Give f(r).
-6
Let h(d) = -3*d**2 - 4*d + 1. Let t(y) = -4*y - 5 - 7*y + 8 + 0 - 9*y**2. Let c(o) = -8*h(o) + 3*t(o). Determine c(-2).
-9
Let v = 470 + -463. Let m(g) = 2*g + 4. What is m(v)?
18
Let f(b) be the second derivative of b**6/360 + b**5/60 - b**4/8 - 8*b**3/3 + 16*b. Let w(k) be the second derivative of f(k). Determine w(2).
5
Suppose t = -0*t + 18. Suppose t*b - 14 = 20*b. Let i be ((-1)/3)/(b/42). Let d(h) = -h**3 + 2*h**2 - h + 1. Give d(i).
-1
Suppose -7*m - 10 = -8*m. Let r(f) = -f**3 + 10*f**2 - f - 4. Calculate r(m).
-14
Let m(w) = -2*w + 0*w**3 - 6*w**2 - 2*w - w**3 - w. Determine m(-4).
-12
Let d(a) = -a**3 + 9*a**2 - 14*a - 4. Let c be d(2). Let b(i) = 15*i - 5. Calculate b(c).
-65
Let l(r) = -5*r - 1. Let n(h) = -16*h + 8. Let s(z) = -4*l(z) + n(z). Determine s(-10).
-28
Let q(a) = a**3 + 6*a**2 + 3*a + 2. Suppose -v - 3*v = 0. Suppose v = 2*n - 5 - 1. Suppose -5*y - 28 = n*b + 17, b = -5*y - 35. Calculate q(y).
-16
Let j(y) = -21*y + 206. Let a be j(10). Let m(u) = -u**3 - 3*u**2 + 5*u - 1. Calculate m(a).
-5
Let a(r) = r - 1. Let f = 7 - -2. Suppose 0 = 5*w + 6 + f. Calculate a(w).
-4
Let w(n) = -n**3 + 14*n**2 - 3*n - 13. Let a(l) = 5*l**3 - 70*l**2 + 16*l + 64. Let q(x) = -2*a(x) - 11*w(x). Calculate q(14).
29
Let g(o) = o + 6. Let a be (-48)/9 + 1/3. Give g(a).
1
Let v(u) = u**2 + 15. Let o(m) = m**2 - m + 14. Let f(z) = -6*o(z) + 5*v(z). What is f(5)?
-4
Let x(n) = 2*n + 3 - 5*n**2 + 5*n**2 + n + n**2. Suppose -4*y - 16 = -d - 6, 0 = 2*y - d + 4. Calculate x(y).
3
Let u(s) = -s**3 - 2*s**2 + s - 3. Let c be 6/15*5 + -5. Let l be u(c). Let x = l - 9. Let y(i) = -i**3 - 5*i**2 + 6*i + 3. Calculate y(x).
3
Let t(j) be the third derivative of -j**4/8 - j**3/3 + 10*j**2. Determine t(-6).
16
Let n(x) be the third derivative of -13/24*x**4 - 9*x**2 + 0*x + 0 + 0*x**3. Determine n(1).
-13
Let r(n) = n**3 - 3 + 0*n**2 - 2*n**3 + n**2. Calculate r(0).
-3
Let t(j) be the second derivative of 0 - 1/6*j**3 - 2*j - 2*j**2. Suppose -x - 2*x - 37 = 5*c, -28 = 4*c + 2*x. Calculate t(c).
1
Let d(k) = -k**2 + 9*k - 12. Let x(a) = -a**2 + 9*a - 11. Let n(s) = 4*d(s) - 5*x(s). Suppose 0 = 93*c - 104*c + 77. Determine n(c).
-7
Suppose 2*z = -3*l + 7*l - 2, -3*z + l = -17. Let y(i) = -i + 2. Determine y(z).
-5
Suppose 4*b = 5*f - 50, -15 = -5*f + b + 20. Let q(a) = -3*a - 11. Calculate q(f).
-29
Let h(l) = l + 2. Let c(z) = 3*z**2 - 8*z - 8. Let i(y) = -7*y**2 + 15*y + 16. Let k(o) = 5*c(o) + 2*i(o). Let s be k(11). Suppose m = -s*m. Give h(m).
2
Let z be 276/(-16) + (-152)/32 + 6. Let x(q) = q + 8. Calculate x(z).
-8
Let d(m) be the third derivative of -7*m**4/24 - 3*m**2 + 49*m. What is d(2)?
-14
Suppose 8*t - 4*t - 7 = -5*b, -4*t + 8 = 4*b. Let f(h) = 3 - h + 2 + h**t + 2*h - 4 + 7*h**2. Determine f(-7).
-6
Let o(p) = p**3 + p - 1. Let c(w) = -3*w**3 + w. Let a(t) = c(t) + 2*o(t). Let y(h) = -h**2 + 7*h - 5. Let l be y(6). Let g be 1/((-3)/(-6)*l). Determine a(g).
-4
Let p(y) = y**2 - 12*y - 8. Let l be 3 - 186/(-18) - (-2)/(-6). Determine p(l).
5
Let h(z) = 33*z**2 - 17*z**2 + 12*z - 15*z**2 - 2*z - 10 - 4. Determine h(-11).
-3
Let v be 40 + (5/(-1))/5. Let k = v - 35. Let x(f) = -f**3 + 4*f**2 + 3*f - 5. Calculate x(k).
7
Let n(c) = -c + 8. Let i be n(4). Let v(f) = -4*f + 2. Let w(a) = -4*a + 2. Let t(j) = i*v(j) - 5*w(j). Calculate t(2).
6
Let a = 29 - 25. Let v = -34 + 36. Let p(t) = 5*t + 2 - 4*t**v - 2*t**2 + 61*t**3 - 114*t**3 + 54*t**3. Give p(a).
-10
Let u = 10 + -4. Let i = u + -7. Let z(n) be the third derivative of 13*n**4/24 - n**3/6 - 293*n**2. Determine z(i).
-14
Let k(q) = -q + 2 + q**3 - 4*q**2 - 3 + 3*q**2. Let d(r) = -3*r - 2. Let u be d(-3). Let j(w) = -w + 6. Let p be j(u). Give k(p).
-2
Let y(p) = p**2 - p - 4. Let g be (-2)/(-4) + 11/2. Let w be 3 - g*3/6. Calculate y(w).
-4
Let o(a) = -2*a. Let t be o(-2). Let c(x) = 0*x**2 - 7 - x**3 - 4*x + 2*x + 6 + t*x**2. Give c(3).
2
Suppose 2*l - 5*d = 18 + 6, 12 = -2*l - 4*d. Suppose 3*n + 2*o + 20 = -2*o, 3*n = l*o - 8. Let x(f) = f + 1. Give x(n).
-3
Let w(g) = g**2 - 5*g + 6. Suppose 3*u = -u + 4*c + 24, -4*c - 20 = -3*u. Give w(u).
2
Let w(i) = -9 + 4*i**2 + 0 + 6*i - i**2 - 2*i**2. Let d be ((-35)/(-10))/(((-45)/10)/9). What is w(d)?
-2
Let n be -1 + 0 + (64 + -8)/8. Let p(c) = 2*c - 2. What is p(n)?
10
Let r(t) be the first derivative of -t**3 + t**2 + 384. Calculate r(4).
-40
Let x(h) be the third derivative of h**5/60 + h**4/6 - 2*h**3/3 + h**2 - 46. What is x(-6)?
8
Let k(s) = 9*s**2 + 12*s + 10. Let l be k(-1). Let d(p) = -p**2 + 13*p - 46. Give d(l).
-4
Let g(y) = -y + 4. Let w = -7 + 12. Suppose -w*h + 4*m = 28, 2*h - 6*m = -2*m - 16. Calculate g(h).
8
Let t(s) be the third derivative of s**6/120 - s**5/20 - s**3/2 + s**2 + 58*s. Determine t(3).
-3
Let s(q) = 3*q - 2. Let a(u) = 4*u - 3. Let d(f) = -4*a(f) + 5*s(f). Let j(g) = -2*g**3 + 4*g**2 - 2*g - 1. Let p be j(2). What is d(p)?
7
Let t(i) = 46*i**3 - 10*i + 15*i**2 - 6*i**2 - 28 + 4*i**2 - 47*i**3. Let o be t(12). Let c(s) = 3*s. What is c(o)?
-12
Let o(z) = -7*z + z + 4*z + 12 + z. Calculate o(-9).
21
Suppose 2*g + 2*n = -2*n + 34, 3*n + 13 = 4*g. Let s(v) = -6*v**2 + 4*v + 3 + v**3 - 11*v + 6. Give s(g).
9
Let y(p) be the third derivative of -5*p**4/8 + 2*p**2 + 17. Calculate y(-1).
15
Let j = -150 - -146. Let h(z) = 4*z - 3*z - 5 + 0*z. Give h(j).
-9
Let i(k) = k**2 - 11*k - 32. Let s(a) = a**3 - 16*a**2 - 36*a + 13. Let r be s(18). Give i(r).
-6
Let t = 42 - 20. Let a = -52 - -24. Let k = a + t. Let s(x) = x**2 + 4*x - 4. Give s(k).
8
Let m(z) be the third derivative of -z**5/60 + z**4/3 - z**3/2 + 37*z**2 + 5. Determine m(8).
-3
Let b(f) = -1 + 39*f + 3 + 22*f - 11*f. Calculate b(1).
52
Let w(c) be the third derivative of -c**6/120 - 11*c**5/60 + c**4/24 - c**3/2 + 197*c**2. What is w(-11)?
-14
Suppose 4*y = -5*x + 6*x - 369, y + 101 = 2*x. Let n = y - -83. Let w(d) = d**3 + 9*d**2 + 6*d - 11. Calculate w(n).
5
Let s(n) = 2*n**3 - n + 2. Suppose 0 = -4*y - 2*i - 124, 5*y + 207 - 46 = -i. Let r = y - -31. Give s(r).
-12
Let o(m) = -28*m + 44*m - 20*m. What is o(-7)?
28
Let o(v) be the first derivative of v**3/2 + 2*v**2 + 15*v + 14. Let y(w) be the first derivative of o(w). Give y(-4).
-8
Let z(x) = -3*x**3 + 9*x + 5*x**2 - x**3 - 8 + 9. Let o(w) = -3*w + 4*w**2 + 3*w**3 - 5*w - 9*w**2. Let f(h) = 3*o(h) + 2*z(h). Give f(6).
2
Let b(w) = 2*w + 5. Let r = -66 - -68. Let i be (-2)/(-1)*(-7)/r. Calculate b(i).
-9
Suppose -3*t + 36 = t. Let p be t - 2*(-2)/(-1). Let g(h) = -2*h + 3. Give g(p).
-7
Let o(g) be the first derivative of -g**3/3 + 2*g**2 + 10*g - 81. Calculate o(7).
-11
Let x(k) = -2*k + k**3 + 0*k**2 + 2*k - 2*k**2. Let o = -3 + 6. Suppose -3 = -o*q - 0. Give x(q).
-1
Let y(r) = 2*r**2 + 3*r - 2. Let n be y(2). Let g = 6 - n. Let x(a) = -a**2 - 8*a - 3. Determine x(g).
9
Let m(s) be the first derivative of -s**3/3 - 2*s**2 + 3*s + 26. Calculate m(-5).
-2
Suppose 2*w - 3*r + 25 = -8*r, 2*w + 3*r = -19. Let u = 45 - 39. Let g(b) = 5 - u*b - b**2 - 2*b**2 + 2*b**2 - 1. Give g(w).
9
Let t be ((-15)/(-30))/(1/4). Let z(h) = 15*h - 42*h + 19*h + 15*h. Give z(t).
14
Suppose -a - 3*a = 20, -16 = -4*r + 4*a. Let l(g) be the first derivative of -3/2*g**2 - g + 15. Determine l(r).
2
Let f(m) = 2*m + 1. Let k(u) = -15*u - 24. Let g(v) = 6*f(v) + k(v). Determine g(-9).
9
Suppose 34 = 23*r - 81. Let m(q) = -4*q + 3. Let n(g) = -g - 1. Let o(l) = 2*l + 1. 